 48973 = -13261. Calculate the greatest common divisor of 160 and v.
32
Suppose 44269*g + 103818 = 44280*g. Calculate the highest common factor of 121 and g.
121
Let s = -7031 - -7087. Calculate the greatest common factor of 744 and s.
8
Suppose -4*g + 4 = 0, p - 6 - 1 = -4*g. Suppose 87 = x - q, -2*x - p*x - q = -459. What is the greatest common divisor of 14 and x?
7
Let w = -60 - -64. Let q(h) = 3*h**2 - 7*h - 9. Let a be q(w). Suppose a = 2*x - 5*v - 14, -5*v - 55 = -5*x. What is the highest common divisor of 160 and x?
10
Suppose 1627 - 4334 = -72*y + 3845. What is the highest common factor of y and 7189?
91
Let v(m) = m + 69. Let w = 96 - 114. Let o be v(w). Suppose 4*j = -2*a + 150, 2*a + 5*j = o + 104. Calculate the highest common factor of 39 and a.
13
Let c be 3 - (-5 + 2 - 154). Let z be (-3*8/(-10))/(629/12580). Calculate the highest common divisor of c and z.
16
Suppose 3*v - 708 = -3*o, -2*o + 676 = -2*v + 228. Suppose 2*w - 6 = -d + 2, 2*w + 22 = 2*d. Calculate the highest common divisor of d and o.
10
Suppose -u + 12 = -46. Let c(n) = -100*n - 671. Let q be c(-7). What is the greatest common factor of u and q?
29
Let w be (10/6 - 2)/1*(4 + -100). Calculate the greatest common divisor of w and 600.
8
Let x be ((-37)/333)/((-1)/261). Let y(j) = -19*j**3 - 2*j**2 + 1. Let u be y(-1). Let d be 350/6 - 6/u. Calculate the greatest common factor of x and d.
29
Suppose 0 = -5*o + 4*u + 32, o + 5*u - 26 = -o. Let y(f) = -16*f - 32. Let q be y(-2). Let b be q/3 - 64/(-4). Calculate the greatest common factor of b and o.
8
Let g(k) = 2*k**2 + 8*k + 156. Let l be g(0). Calculate the highest common factor of l and 36.
12
Let b be -1*(3 + (-152)/4)*3. Let y = b + -98. Suppose 6*u = y*u - 9. What is the greatest common factor of 9 and u?
9
Suppose 89*m - 87*m = 4. Suppose m*u = -4*q + 479 + 619, -5*q + 3*u + 1389 = 0. What is the highest common divisor of q and 24?
12
Let g be -135*(-11)/((-396)/(-24)). What is the highest common factor of 1710 and g?
90
Let o be 17 - 92 - (-3)/3. Let q be (2*o/(-4))/1. Let s be 9/((-3)/1) - -151. Calculate the greatest common divisor of q and s.
37
Suppose 77 - 189 = -8*y. Let q = -196 + 117. Let w = q + 114. Calculate the highest common factor of w and y.
7
Suppose 8*w - 114 + 88 - 430 = 0. What is the highest common divisor of w and 3173?
19
Suppose 0 = -6*r + 8*r + i - 166, 0 = 3*r - 4*i - 260. What is the highest common factor of r and 2562?
42
Let w(o) = 22*o**2 - 8*o - 56. Let t be w(-5). What is the highest common divisor of 42 and t?
6
Let n = -85 - -89. Let p(o) = o**3 + 11*o**2 - 6*o - 16. Let a be p(-5). Calculate the greatest common divisor of n and a.
4
Let l = -711 - -1205. Suppose 3*b = -j + 155, 0 = 4*b + j - 205 - 2. Calculate the highest common divisor of l and b.
26
Let n(m) = -11*m**2 - 59*m - 68. Let u(h) = 5*h**2 + 29*h + 34. Let r(i) = -4*n(i) - 9*u(i). Let s be r(-8). Calculate the greatest common factor of s and 12.
6
Let h be (-117)/(-26)*5/(30/(-4)). Let q be h/9 - (-6)/(72/124). What is the greatest common factor of 10 and q?
10
Let u(r) = -r**2 + 23*r - 104. Let v be u(11). Let f be ((-60)/(-25))/((-12)/(-210)). What is the highest common factor of v and f?
14
Let u = 752 + -322. Let i = u + -422. What is the highest common divisor of i and 136?
8
Suppose -d - 5 = -2*d. Suppose -4*h + 0 = d*f - 2, 0 = f + h. Let v be f/(-9) - 94/(-18). Calculate the greatest common divisor of v and 1.
1
Let r(j) = -375*j + 69. Let w be r(0). Calculate the highest common factor of w and 21.
3
Let k = -77 - -79. Let l be ((-6)/(-1))/3*9/6. Suppose l*b = b + 16. Calculate the highest common factor of b and k.
2
Let m be 6/14 + 3608/(-56). Let l = 73 + m. Suppose 3*t + 12 = -t, -2*n + 2*t + 60 = 0. Calculate the greatest common factor of l and n.
9
Suppose 3*q + 3 = 0, 16*q + 37 = 3*p + 12*q. Suppose -109 = -5*a + 4*i, -3*i = a - 0*i - 18. Let h = a - 10. What is the highest common divisor of h and p?
11
Suppose -35*c - 127*c = -525042. Calculate the greatest common factor of c and 7.
7
Let u(l) = -14*l - 171. Let a(k) = -8*k - 85. Let z(y) = 7*a(y) - 3*u(y). Let o be z(-7). Let m be (-3 + 12)*6/9. What is the highest common factor of m and o?
2
Let g be (24/(-4))/((-9)/(-12)). Let k be (104/32)/((-1)/g). Suppose 5*c - 91 = -k. Calculate the highest common divisor of c and 143.
13
Suppose 4*x - 42 = 2*s, 6 = x - 12*s + 11*s. Suppose 3*t = t + 12. What is the greatest common factor of x and t?
3
Let p be 8/10*1*10. Let q(u) = u**3 + 13*u**2 + 12*u + 12. Let a be q(-11). Suppose 5*n = a + 198. What is the highest common factor of p and n?
8
Let h(b) = b**2 + 23*b + 15. Let j be h(-13). Let t = j + 515. Calculate the highest common factor of t and 16.
16
Let w = 999 + -527. Let b = -430 + w. What is the highest common factor of b and 567?
21
Suppose 0 = -80*f + 25585 + 46763 + 1572. What is the highest common factor of 144 and f?
12
Let m be 6/(-4)*50/3. Let v = -15 - m. Suppose -x + v = -2. Calculate the greatest common factor of x and 132.
12
Let n = -34 - -40. Let y be 1869/42 - n/4. What is the greatest common factor of y and 301?
43
Let w be -654*(171/(-27) - -5). What is the greatest common factor of 8 and w?
8
Let g(d) = 13*d - 5. Let j be g(13). Let i = -142 + j. Calculate the highest common factor of 154 and i.
22
Let a be 2/7 + 271/7. Let u = -28 + a. Let j(g) = g + 14. Let r be j(u). Calculate the highest common divisor of 5 and r.
5
Let s = 2989 - 2981. Calculate the highest common factor of s and 516.
4
Suppose 2*r - 18 = -4*r. Suppose -2 = -r*u + 97. Let j = u - 13. What is the greatest common factor of j and 80?
20
Let d be (-242 - 183)/(5/(-2)). What is the highest common factor of 7820 and d?
170
Suppose -2*h + 372 = -3*k, 7*h + 2*k + 908 = 12*h. Suppose -l + 4*l = 60. What is the highest common factor of l and h?
20
Let h be (2 - 0)/(12/186). Suppose 0 = h*d - 41*d + 840. What is the highest common factor of 2 and d?
2
Let k be (4/(-10))/(4/(-20)). Suppose -68*r - 144 = -77*r. Suppose -15*n = -r*n + 14. What is the highest common divisor of k and n?
2
Let i = 88 + 120. Let o(a) = -22*a - 94. Let h be o(-5). Calculate the highest common factor of i and h.
16
Let o = -1726 + 1028. Let f = 748 + o. What is the highest common factor of f and 75?
25
Suppose -34 = -2*j - 3*g + 44, -2*j + 76 = 4*g. Let s be 16/(-32)*4*-4. Suppose -s = -20*w + 272. Calculate the highest common divisor of w and j.
14
Let v be 4*(4/((-16)/(-1105)) - 0). Suppose -5*s = -4*h - v, -s = -3*h - 162 - 59. What is the greatest common factor of s and 119?
17
Let c(v) = -v**3 + 11*v**2 + 27*v + 8. Let p be c(13). Suppose 4*h + 2*l - 145 = l, h - 30 = l. What is the greatest common factor of h and p?
7
Let b(x) = 5*x**2 + 238*x - 3037. Let v be b(11). Calculate the highest common divisor of v and 3875.
31
Let y(p) = -2*p**2 - 6*p + 7. Let h be y(6). Let b = 2640 - 2609. Let i = b - h. Calculate the highest common factor of 33 and i.
33
Let a be 13 + (16/(-9 + 1))/((-3)/(-6)). What is the greatest common factor of 17631 and a?
9
Let x = 2341 + -1864. Calculate the highest common factor of 153 and x.
9
Suppose k + 0 = 14. Let p be k/(3/(-3) + 3). Suppose p*g = 8*g - 3. What is the greatest common divisor of g and 9?
3
Let i = 10585 - 6163. What is the greatest common divisor of i and 268?
134
Let p be (4/1 - -2)/1. Let h be (1 - -2) + (76 - -1266). Let d = h - 1249. What is the highest common divisor of p and d?
6
Suppose 2*i = -2*i + 5*z + 8, 4*z = 4*i - 8. Let h be (57/(-12))/((i - 8)/72). Calculate the greatest common factor of 9 and h.
3
Let f = 322 - 142. Let x = 247 - f. Calculate the highest common divisor of x and 268.
67
Suppose 4*f - 14 = 5*v, -4*v = -v - 5*f - 2. Let y = -144 + -178. Let l be (-4)/v + y/(-21). What is the highest common factor of 40 and l?
8
Let s = -576198 + 576390. Let r = 16 + -22. Let d(g) = -g**3 - 6*g**2 - 6*g - 4. Let i be d(r). Calculate the highest common divisor of i and s.
32
Let f be (5/(-3))/((-17)/1530). Suppose -56*o + 100 = -54*o. What is the greatest common divisor of o and f?
50
Let d be 32/(((-1)/(-2))/((-195)/(-15))). Calculate the highest common factor of 320 and d.
64
Let l = 3692 - 3140. Calculate the highest common divisor of l and 3.
3
Suppose -29 - 193 = -2*l - 5*o,